2 - 1/12*l**4. Calculate u(-9).
11
Let m(h) = h**2 - 3*h + 1. Let i be m(2). Suppose 2*o - 4*o - 4*n = -18, 5*o = -5*n + 30. Let c(x) = 29 + 21 + o*x**3 + 2*x - 49. Give c(i).
-4
Let v(h) be the third derivative of -h**6/120 - h**5/15 - h**4/4 - 2*h**3/3 - 2*h**2 - 212*h. Calculate v(-4).
20
Let k(j) = 4*j + 13. Suppose 2*m = -t - 5, -12*m + 11*m - 1 = -t. What is k(t)?
9
Let w be ((-48)/18)/((-2)/3). Suppose h - 3 = -4*n - 14, -n = w. Suppose -10 - 15 = -h*b. Let v(i) = -i**3 + 4*i**2 + 4*i + 7. What is v(b)?
2
Let a(h) be the second derivative of h**5/20 - 7*h**4/4 + 4*h**3 - 29*h**2/2 - 532*h - 2. Give a(20).
51
Let y(v) = v**2. Let q(w) = -w**3 - 3*w**2. Let o(z) = -2*q(z) - 7*y(z). Suppose -124*m = -123*m - 5. Suppose -6*t - m = -t. Calculate o(t).
-3
Let u(l) = l - 4. Let d(x) = 15. Let t(m) be the third derivative of 7*m**3/6 - 2*m**2. Let b(z) = 6*d(z) - 13*t(z). Let v(p) = -6*b(p) + u(p). What is v(-5)?
-3
Let y = 1 + 3. Suppose 3*q + 10 = -2*q. Let o(t) = -4*t + 5. Let z(g) = 3*g - 5. Let s(k) = q*o(k) - 3*z(k). Calculate s(y).
1
Let c(v) = 14*v - 565. Let q(w) = -14*w + 427. Let y(n) = 3*c(n) + 4*q(n). Give y(2).
-15
Suppose 54*a - 55*a + 1 = 2*u, u - 14 = 4*a. Let v(h) = -5*h**2 - 6*h + 5. Give v(a).
-22
Let f(o) = 19*o - 8. Let v(g) = -28*g - 1. Let d(w) = -8*f(w) - 5*v(w). Determine d(7).
-15
Let f(n) = -n + 37. Let c(j) = j - 44. Let u(d) = 4*c(d) + 5*f(d). Determine u(6).
3
Let w(j) = 3*j**2 - 8*j - 15. Let h(t) = 2*t**2 - 5*t - 10. Let u(x) = 7*h(x) - 5*w(x). Let c be u(5). Let n = 11 - c. Let m(z) = -z**2 + 7*z + 2. What is m(n)?
8
Let t(u) = -u**2 - 8*u - 6. Let v(m) = m**3 + 3*m**2 - 10*m + 2. Let p be v(-5). Let g be p/9 + (-6)/54*65. Determine t(g).
1
Let k(p) = -99*p**2 + 2*p - 1. Let f(w) = -116*w**2 + 2*w - 2. Let h(y) = -6*f(y) + 7*k(y). What is h(-3)?
26
Let k(g) = -3*g + 4*g + 0*g + 167*g**2 + 259*g**2 - 442*g**2. Calculate k(1).
-15
Let i(w) = 55*w + 1. Let a(v) = 2*v**2 + 170*v - 16. Let d(g) = -a(g) + 3*i(g). Determine d(-6).
-23
Let x(p) be the second derivative of -p**5/20 + p**3/3 - 11*p**2 - 4188*p. Give x(0).
-22
Let n(b) = -b**3 + 2*b**2 - b. Suppose 5*g - 10 = -0. Let v be n(g). Let a(w) = w**2 - 3*w - 3. Calculate a(v).
7
Let i(w) = -w**2 - 4*w + 26. Suppose 5*g = -5*m + 70, -7 = -5*g + 13. Let n be 14*(2 - m/4). Let z be i(n). Let h(b) = -b**2 + 2*b + 1. Give h(z).
-14
Let o = -671 + 673. Let f(c) be the second derivative of 1/2*c**o + 0 + 19*c - 4/3*c**3. Determine f(2).
-15
Suppose 2*x = -3*x - 20. Let s = 8 - 6. Let i(f) = 5*f**2 - f**s - 2*f**2 - f**2 + 3 + 3*f. Calculate i(x).
7
Let l(q) = -36*q**3 + 2*q**2 - 3. Let w(p) = 8*p**2 + 13 - 62*p**3 - 17*p**2 + 206*p**3. Let s(f) = -9*l(f) - 2*w(f). What is s(1)?
37
Let c be ((-4)/(-7))/(-6 + 1120/196). Let h(g) = 8*g**3 - 3*g**2 - 3*g - 3. Calculate h(c).
-73
Suppose 0 = 87*d + 1230 + 684. Let j(c) = 2*c + 28. Determine j(d).
-16
Let s(d) = 5*d + 184. Let c be ((-51)/(81/27))/(2/4). Calculate s(c).
14
Suppose 4*v + 162 = 5*k, 0 = -k - 5*v + v + 18. Let b(h) = -10*h + 5 - k + 11*h + 0*h. What is b(11)?
-14
Suppose -4*n + 18 = -5*y, -61*y + 59*y + 2 = 3*n. Let q(l) = -l**3 + l**2 + 6*l - 1. Determine q(y).
-1
Suppose -3*z + 23 = 2*i, -45*i + 41*i = -4*z + 4. Let a(v) be the third derivative of 5/24*v**4 - 11*v**2 + 0*v + 0 - 1/60*v**z + v**3. Determine a(5).
6
Let n(d) be the first derivative of -d**6/180 + d**5/120 + d**4/12 + 16*d**3/3 + 13. Let y(z) be the third derivative of n(z). Let s = -10 + 8. Determine y(s).
-8
Let w(j) = 55*j + 7. Let i(v) = 46*v + 6. Let m(g) = 6*i(g) - 5*w(g). Determine m(-10).
-9
Let a(s) = 23*s + 3. Let g be a(0). Let l(b) = 4*b**2 - 5*b + 1. Let w(o) = -o**2 + o + 1. Let k = -6 - -7. Let t(m) = k*l(m) + 2*w(m). Give t(g).
12
Let i(q) = q**2 + 6*q. Let m be i(-6). Let h be (1 + 5/(-2))*(m - -2). Let a be h/(-2)*(-16)/12. Let t(l) = 2*l**3 + 2*l**2 + 3*l + 1. Calculate t(a).
-13
Let k(y) be the first derivative of -y**4/12 + 7*y**3/6 - 5*y**2/2 - 22*y - 14. Let t(b) be the first derivative of k(b). Calculate t(3).
7
Suppose 2*v - 12 = 5*o, 2*v - 8 = -4*o + 4. Let u(m) = v*m + 445 - 151 - 144 - 153. Suppose -3*f + 3*p = 0, -3 + 5 = p. What is u(f)?
9
Let m = 28 + -41. Let q = m - -18. Let i(v) = 3*v**3 + 13*v**2 + 9*v - 9. Let t(s) = -2*s**3 - 7*s**2 - 4*s + 4. Let g(l) = 3*i(l) + 5*t(l). Give g(q).
3
Let w = -5276 - -5279. Let t(u) = 4*u + 3. Determine t(w).
15
Let b = -68 + -4. Let t = b - -73. Let u(p) = -19*p + 2*p**2 - 3*p**2 + 17*p + t. What is u(-3)?
-2
Let t(c) = -c. Let d(j) = j**3 - 14*j**2 - 5*j - 160. Suppose 48 = 2*r + 18. Let n be d(r). Determine t(n).
10
Let v(u) = 35*u - 2*u**2 + 0*u**2 - 5*u + u**2 - 8 - 18*u. Calculate v(12).
-8
Suppose 6 = -q + 8. Let s(v) = -v**3 - 4*v**2 - 3*v + 3. Let r be s(-3). Suppose q*i + r + 7 = 0. Let f(x) = -x**3 - 4*x**2 + 7*x + 3. Determine f(i).
-7
Let o = -262 - -275. Let g(n) = 5*n + 15 + o - 25 - 13*n. What is g(2)?
-13
Let r(x) = x**3 - 6*x**2 + 9*x - 4. Let j be r(4). Let n be j/(-2) - (-18)/18. Let s(c) = -n - 30*c + 17*c - 10*c**2 + 14*c. Calculate s(1).
-10
Let d(y) = -2*y**3 + 13*y**2 - 5*y - 7. Let s be 1/(-2) + (-63)/(-10) - 3/(-15). What is d(s)?
-1
Let w(u) = -u + 21. Let n(z) = -108*z - 744. Let b be n(-7). Calculate w(b).
9
Let q(r) = 13*r**2 - 3*r - 4. Let z(u) = -4*u**2 - 522*u + 2 + 260*u - 3*u**2 + 264*u. Let i(k) = 6*q(k) + 11*z(k). Give i(-5).
3
Let z(b) = b + 9. Suppose -5*t + 2*j - 230 = 0, -3*j = -8 + 23. Let c be (-63)/12*(t/(-18))/(-2). Calculate z(c).
16
Let s(z) = -7*z - 6. Suppose 8*w = -3*w. Let j be -44 + 39 + w/(-1). Calculate s(j).
29
Let b(u) be the third derivative of u**5/15 + 7*u**4/12 - 25*u**3/6 - 5*u**2 + 99*u - 5. What is b(2)?
19
Let g(s) = -3*s**3 - 25*s**2 - 10*s - 9. Let j be 10/(-2) - (10/(-25) - (-595)/175). What is g(j)?
7
Let o(f) = 2*f**3 - 1 + 4*f**2 - 2 - 2*f - 3*f**3 + 3*f**2. Let x(p) = -p**3 + 8*p**2 - 3*p - 1. Let j(g) = -3*o(g) + 2*x(g). Suppose z - 10 = -z. Give j(z).
7
Let m(c) = -5*c**3 + 9*c**2 - 3*c + 5. Let y = 14901 + -14899. Give m(y).
-5
Let s(j) = -79*j - 53. Let g be (28/(-21))/(2 - (-100)/(-45)). Let c(w) = 28*w + 18. Let x(r) = g*s(r) + 17*c(r). What is x(5)?
-2
Let x(y) be the first derivative of -y**3/3 - 8*y + 2. Let o = 7390 + -7390. Calculate x(o).
-8
Suppose 0 = -4*d - 4*q - 1538 - 74, -3*d + 3*q - 1227 = 0. Let j = -406 - d. Let i(c) = c - 32. What is i(j)?
-32
Let n(p) = 87 + 193*p + 192*p - 380*p + 157 - 74. Give n(-35).
-5
Let k(g) = -g**3 - 7054 + 0*g - 5*g**2 + 7058 - 6*g - g + 0*g. Calculate k(-3).
7
Let l(x) = 7*x**2 + x - 3. Let b be -5 + 17 + 3/(-1). Let c be (15/b)/((-1)/6 - -1). Let m(z) = 3*z**2 + z - 2. Let h(g) = c*l(g) - 5*m(g). Give h(-3).
4
Let h(t) be the third derivative of -t**6/120 - t**5/12 + 5*t**4/8 - 7*t**3/6 + 171*t**2 - 7*t + 2. What is h(-7)?
-14
Suppose -5 + 22 = -11*j + 160. Let l(y) = -5*y + 69. Give l(j).
4
Let c(k) = 2*k - 16. Let b(x) = -x**3 + x**2 + 8*x + 9. Let z be b(-2). Determine c(z).
-6
Let v(d) = -4*d**3 + 9*d**2 - 7*d + 2. Let x(l) = -l**3 + l**2 - l - 1. Let q be 6 + 7/(28/(-20)). Let t(o) = q*v(o) - 5*x(o). Let n = 0 + -5. What is t(n)?
-8
Let d(b) = -20*b**3 + 5*b**2 + 21*b - 4. Let t(g) = 11*g**3 - 2*g**2 - 9*g + 2. Let r(n) = -2*d(n) - 5*t(n). Give r(1).
-14
Let m(i) = -3*i - 1. Let l(g) = -g + 4. Let r(t) = -2*t + 3. Let h(f) = 5*l(f) - 6*r(f). Let o(k) = 2*h(k) + 5*m(k). Give o(8).
-9
Let s(o) = -5 - 14*o**2 - 13*o - 322*o**3 + 15 + 1 + 323*o**3. What is s(15)?
41
Let c(q) be the third derivative of -q**6/6 - q**5/30 + q**4/12 - q**3/6 + q**2. Let i be 11 + ((8 - 14) + -2 - 2). Calculate c(i).
-21
Let s = 130 + -62. Let j = s + -66. Let k(d) = 4*d**j + d**2 + 2*d - 6*d**2 + 0*d. Determine k(2).
0
Let v(d) = -23*d + 13. Suppose 5*r + 84 = -6*r + 128. Determine v(r).
-79
Let g(x) = 33372*x - 4*x**2 - 33372*x. Suppose -4*b - 12 = -7*b. Suppose 2*d + r = -3*r - 14, b*d = 4*r + 8. Calculate g(d).
-4
Let m(u) = 42*u - 37*u + 2*u**2 + 5 - 11*u**2 - 4*u. Let l(h) = -11*h**2 + 2*h + 6. Let p(g) = -3*l(g) + 4*m(g). Determine p(-2).
-6
Suppose -33*h = 8*h - 41. Let w be (28/(-49)*h)/((-2)/28). Let p(q) = 2*q - 5. Determine p(w).
11
Suppose 0 = -5*g - 2*i + 24, 6*g - 12 = 2*g + 2*i. Let w(p) be the first derivative of -p**3/3 + 7*p**2/2 - 3*p + 2. Calculate w